2411 (base 5) to base 15.
236e56
Convert 441530 (base 6) to base 10.
36702
What is 10110111101000010110 (base 2) in base 11?
474113
What is 64610 (base 7) in base 12?
937b
-514114 (base 7) to base 6
-1514444
10742355 (base 9) to base 3
100211102101212
Convert -471704 (base 16) to base 13.
-c71798
17500825 (base 9) to base 16
8642fc
-102342314 (base 5) to base 12
-18b258
222050 (base 6) to base 15
57a6
Convert 1646164 (base 12) to base 16.
45c55c
What is 1566529 (base 10) in base 4?
11332131001
Convert 2302422124 (base 5) to base 11.
298a32a
Convert -c7d89e (base 15) to base 9.
-18807865
Convert 32133132 (base 5) to base 10.
271042
Convert 476847 (base 9) to base 13.
a0945
Convert 13312304 (base 8) to base 9.
5552605
What is -415260 (base 7) in base 5?
-4241414
What is 10222111 (base 6) in base 5?
34023210
-1000101100111011 (base 2) to base 13
-132ba
What is 102212 (base 16) in base 5?
232313143
Convert -53938 (base 11) to base 12.
-393b4
-40a396 (base 13) to base 9
-2747242
10110211 (base 4) to base 3
220021121
What is -2400078 (base 10) in base 11?
-139a23a
What is 1111011100100000010011 (base 2) in base 4?
33130200103
Convert 12000221100 (base 3) to base 12.
49423
Convert 94479 (base 12) to base 9.
325353
What is -4aa2445 (base 11) in base 15?
-b9b224
Convert 1310447 (base 13) to base 15.
7cdd3e
-1697b (base 12) to base 14
-bbb1
Convert 179892 (base 10) to base 3.
100010202200
What is 1863737 (base 10) in base 12?
75a675
12112330101 (base 4) to base 6
55420453
21404140 (base 5) to base 12
8b020
-13243313 (base 5) to base 8
-406100
What is 122122012100121 (base 3) in base 9?
18565317
Convert -17bdd1 (base 14) to base 5.
-203332101
64c7 (base 16) to base 2
110010011000111
-196744 (base 15) to base 10
-1236889
-43734a (base 12) to base 4
-10011100222
Convert 27a669 (base 12) to base 9.
1216700
Convert 400554 (base 6) to base 13.
11341
Convert 266885 (base 14) to base 3.
2111021120220
What is -1244907 (base 10) in base 8?
-4577353
What is -1030665 (base 7) in base 10?
-125193
Convert -12020330002 (base 4) to base 10.
-1609474
What is 4084819 (base 10) in base 6?
223315111
52643657 (base 8) to base 16
ab47af
-1503419 (base 10) to base 4
-11233002323
What is 3606456 (base 9) in base 7?
22413642
What is -6b762 (base 12) in base 10?
-144506
563234 (base 8) to base 6
4024044
3181780 (base 12) to base 6
532541040
What is 19931 (base 11) in base 5?
1341433
Convert 11111111010101000111011 (base 2) to base 14.
117b0dd
What is -1207477 (base 8) in base 11?
-20713a
-2111002020 (base 3) to base 13
-1934a
What is -183887 (base 11) in base 15?
-58dc5
Convert -62321315 (base 7) to base 8.
-23753231
What is -b7983b (base 12) in base 15?
-3c3ea5
2064664 (base 8) to base 4
2012212310
Convert -254569 (base 16) to base 5.
-1111130401
What is -2d3ac (base 16) in base 4?
-231032230
6d003 (base 14) to base 4
1000332323
Convert 14524676 (base 8) to base 9.
6220471
What is 644132 (base 7) in base 10?
111890
-1002201110022 (base 3) to base 8
-2166436
Convert 21628 (base 12) to base 15.
d0eb
What is -1111002 (base 5) in base 16?
-4c2e
Convert 422503241 (base 6) to base 2.
11100010001011001001001
What is 395669 (base 10) in base 11?
2502aa
-1010111211000 (base 3) to base 4
-2102213301
What is 503541 (base 10) in base 15?
9e2e6
What is 4202441310 (base 5) in base 2?
100000111101011011001101
Convert 14e0fa (base 16) to base 15.
1c065e
469d7 (base 14) to base 7
1314460
-463dc (base 15) to base 6
-4443200
-353238 (base 11) to base 15
-b11a9
-530652 (base 7) to base 5
-10412234
134b06 (base 12) to base 2
1001110000000110110
Convert -24657 (base 8) to base 4.
-2212233
What is -195527b (base 12) in base 2?
-10100010111010000111111
Convert -12169776 (base 10) to base 4.
-232123020300
What is 1006402 (base 7) in base 3?
20002110221
What is 20113214 (base 5) in base 7?
1235511
Convert 114330244 (base 5) to base 16.
8476e
3303002203 (base 4) to base 10
995491
What is -d35d5a (base 14) in base 15?
-95a923
What is -11505481 (base 9) in base 14?
-a61b45
-21314131 (base 5) to base 3
-100021020011
Convert -20202100100111 (base 3) to base 6.
-204532151
-4ba24 (base 12) to base 13
-380c5
-1264688 (base 9) to base 12
-29482b
Convert -213321232 (base 4) to base 7.
-1250332
11122111001 (base 3) to base 5
10411402
-382a83 (base 12) to base 14
-19c471
What is 104330244 (base 5) in base 16?
71641
11113303301 (base 4) to base 13
3a3ca3
Convert -54859 (base 10) to base 16.
-d64b
34133140 (base 5) to base 9
510603
Convert -9c1de1 (base 15) to base 5.
-3401322021
Convert -2413153 (base 6) to base 16.
-1eddd
-7c0656 (base 16) to base 8
-37003126
2431054 (base 7) to base 10
310111
Convert -301633 (base 7) to base 11.
-35419
What is 229b44 (base 13) in base 2?
11001000100010010100
What is -632a1 (base 11) in base 9?
-150415
Convert 1347224 (base 8) to base 9.
640028
112102120 (base 5) to base 10
503410
What is 20042200 (base 5) in base 7?
1231463
Convert -37e5e (base 16) to base 15.
-47c8d
Convert -2675050 (base 8) to base 12.
-303348
What is 1011100110100011111111 (base 2) in base 11?
1798172
110012101 (base 4) to base 15
195d1
Convert 10100010000000001111 (base 2) to base 5.
132213232
Convert -110001110110100 (base 2) to base 15.
-7869
Convert -215242042 (base 6) to base 12.
-1379322
Convert 51203012 (base 6) to base 13.
3c2915
-26b611 (base 12) to base 2
-10011100101110101101
What is -6c30 (base 16) in base 12?
-14040
-22142 (base 13) to base 9
-103618
Convert 11111111011101101101 (base 2) to base 8.
3773555
What is 7cbaa (base 14) in base 15?
601b6
-111a26 (base 11) to base 9
-301467
683778 (base 9) to base 10
409607
Convert -5266050 (base 7) to base 2.
-10011011110110010110
Convert -101111100101000001010 (base 2) to base 10.
-1559050
Convert -4d869 (base 16) to base 8.
-1154151
cb06 (base 15) to base 7
236211
Convert 873935 (base 11) to base 10.
1396015
Convert -131021405 (base 6) to base 2.
-1001110011001101001101
What is -556045 (base 8) in base 9?
-315084
What is 24124 (base 16) in base 11?
a1007
-40351226 (base 7) to base 6
-155541535
Convert -728063 (base 9) to base 10.
-432354
What is 1012220110201 (base 3) in base 10?
647695
Convert -1296a5 (base 12) to base 10.
-306845
Convert -1001111111011011000 (base 2) to base 12.
-139560
307971 (base 10) to base 2
1001011001100000011
Convert 4ca (base 15) to base 14.
57c
-2142441 (base 6) to base 10
-106873
1010212211201 (base 3) to base 9
1125751
What is 361566 (base 7) in base 13?
23a48
-101000001000011001111000 (base 2) to base 5
-10143121214
8a75 (base 16) to base 13
13197
What is -1313230 (base 5) in base 14?
-96db
What is 20410014 (base 6) in base 3?
1010002110101
What is -154359 (base 10) in base 7?
-1212012
-192925 (base 11) to base 16
-48696
-5250225 (base 6) to base 8
-762651
Convert 9d078 (base 15) to base 10.
499613
Convert -4531501 (base 6) to base 16.
-3819d
-7446953 (base 10) to base 9
-15010262
What is -131030030100 (base 4) in base 9?
-15352646
Convert 1179 (base 10) to base 6.
5243
What is 3102230000 (base 4) in base 9?
1554702
What is -1111122221 (base 3) in base 9?
-44587
What is 1004210 (base 8) in base 13?
9340c
-2122001012 (base 4) to base 14
-125c90
Convert -4578 (base 10) to base 7.
-16230
What is -1011110111101111100011 (base 2) in base 12?
-1060a57
Convert -160a9 (base 11) to base 9.
-34173
Convert -64e0 (base 15) to base 4.
-11031300
-1002222022011 (base 3) to base 6
-20351221
What is 303372 (base 11) in base 3?
220202211211
30a33 (base 15) to base 8
455075
Convert -1c7a (base 14) to base 15.
-181e
Convert -10010010110000 (base 2) to base 5.
-300032
587a18 (base 12) to base 4
11123203310
Convert 65616 (base 10) to base 6.
1223440
10011001110000001001 (base 2) to base 6
21255333
What is 4a764 (base 15) in base 2?
111010000101011111
What is 110220122200101 (base 3) in base 9?
13818611
What is 220112010001 (base 3) in base 13?
13b913
What is -38603 (base 15) in base 6?
-3510220
What is -13831b (base 12) in base 8?
-1173307
1654502 (base 9) to base 8
3410407
24006105 (base 8) to base 3
100212112012002
Convert 14631445 (base 7) to base 4.
11112132010
What is -109759 (base 10) in base 4?
-122302333
What is -3b537 (base 14) in base 3?
-21102220111
Convert 10102211111 (base 3) to base 2.
10000100001011011
1623908 (base 10) to b